d 4730362?
182
Calculate the highest common divisor of 140 and 6923630.
70
Calculate the greatest common divisor of 401379 and 341.
11
Calculate the highest common factor of 6110650 and 425.
425
What is the greatest common factor of 334303590 and 10?
10
Calculate the highest common factor of 80 and 98711080.
40
Calculate the greatest common divisor of 4067570 and 390.
130
What is the highest common divisor of 396435 and 4731?
57
Calculate the highest common divisor of 5504 and 45691456.
2752
Calculate the highest common factor of 904439994 and 138.
138
What is the highest common factor of 25398 and 115146?
18
What is the greatest common factor of 18495 and 3725460?
135
Calculate the greatest common factor of 49892 and 2986.
2
What is the greatest common factor of 1276435 and 435?
145
Calculate the highest common divisor of 3315 and 1487460.
195
Calculate the greatest common divisor of 58992 and 4848.
48
What is the greatest common factor of 40781 and 2663313?
3137
What is the highest common divisor of 88440 and 463485?
165
What is the highest common factor of 6361204 and 2776?
1388
What is the greatest common factor of 83666690 and 35530?
3230
What is the highest common divisor of 5976 and 166568384?
664
Calculate the highest common divisor of 4677088 and 101920.
416
What is the greatest common factor of 15571450 and 1329?
443
Calculate the highest common factor of 18551438 and 424602.
5242
What is the greatest common factor of 1649 and 231047?
17
Calculate the greatest common divisor of 21394548 and 96068.
2044
Calculate the greatest common divisor of 5616 and 559312.
208
Calculate the greatest common factor of 1672955 and 6845.
185
Calculate the greatest common factor of 301 and 1148259.
7
What is the greatest common divisor of 137223 and 1185?
237
What is the greatest common factor of 10428 and 666039?
33
Calculate the greatest common factor of 4633512 and 663.
39
What is the greatest common divisor of 15792 and 729160068?
3948
Calculate the highest common factor of 28 and 30350390.
14
What is the greatest common divisor of 170 and 49244870?
10
What is the greatest common divisor of 45629 and 2713741?
103
Calculate the highest common factor of 240907242 and 387.
129
Calculate the greatest common factor of 41469876 and 630.
126
What is the highest common factor of 64770381 and 351?
351
What is the greatest common factor of 619 and 41877826?
619
What is the highest common divisor of 2900996 and 22382?
722
What is the highest common divisor of 212842 and 48914?
1322
Calculate the greatest common factor of 719380405 and 10.
5
Calculate the highest common factor of 19 and 299439449.
19
Calculate the highest common divisor of 104 and 538835869.
13
What is the highest common divisor of 3144499 and 6728?
841
What is the highest common divisor of 1349 and 16293293?
71
Calculate the highest common divisor of 125242 and 6.
2
What is the greatest common factor of 19997587 and 1234?
617
Calculate the highest common factor of 3925057 and 12485.
227
Calculate the greatest common factor of 120016 and 117.
13
What is the highest common factor of 9853 and 344206?
59
What is the greatest common factor of 39845 and 37557?
13
What is the highest common factor of 24252 and 1894617?
141
What is the highest common divisor of 23715 and 11322?
153
What is the highest common factor of 174 and 249139406?
58
What is the greatest common factor of 16336 and 4224898?
2042
Calculate the greatest common factor of 53444860 and 35.
35
What is the highest common factor of 94673 and 168759?
17
Calculate the highest common divisor of 206157048 and 96.
24
Calculate the highest common factor of 160 and 3690020.
20
Calculate the greatest common divisor of 67142116 and 4.
4
What is the greatest common divisor of 226902067 and 1897?
1897
Calculate the greatest common divisor of 5082 and 26648314.
1694
Calculate the greatest common factor of 20 and 136007440.
20
What is the greatest common factor of 219 and 67468133?
73
Calculate the greatest common factor of 5356 and 139516.
52
What is the greatest common factor of 15410 and 16567291?
1541
What is the highest common factor of 610794329 and 1223?
1223
Calculate the highest common factor of 808 and 12369728.
8
What is the highest common factor of 7084880 and 22?
22
What is the highest common divisor of 139980 and 203509923?
6999
Calculate the greatest common factor of 8070 and 366001400.
2690
Calculate the highest common divisor of 2832808 and 88.
88
Calculate the greatest common factor of 255670 and 20868.
74
Calculate the highest common factor of 52 and 57293080.
52
What is the greatest common factor of 4773 and 892852?
43
What is the greatest common divisor of 5819250 and 237000?
750
Calculate the greatest common divisor of 22305 and 130935.
15
What is the greatest common factor of 57729736 and 2264?
2264
Calculate the greatest common factor of 5397 and 94143.
21
What is the greatest common factor of 3365 and 3914841?
673
What is the highest common factor of 2808 and 158112?
216
What is the greatest common factor of 295 and 1937147?
59
What is the highest common factor of 3800 and 74765475?
475
What is the highest common divisor of 317380 and 10020?
20
What is the greatest common factor of 3306080 and 8600?
40
Calculate the greatest common divisor of 3977637 and 14244.
3561
Calculate the greatest common factor of 21233408 and 5780.
1156
What is the greatest common factor of 4212 and 131922?
54
What is the greatest common factor of 6330 and 113836610?
2110
What is the greatest common divisor of 4577582597 and 49?
49
What is the highest common divisor of 62719835 and 5?
5
Calculate the greatest common divisor of 1860 and 346084.
124
Calculate the greatest common factor of 5255910961 and 833.
833
Calculate the highest common divisor of 1097389777 and 2783.
2783
Calculate the highest common factor of 401 and 1184222373.
401
Calculate the greatest common factor of 1312 and 5383423.
41
What is the highest common factor of 95 and 235051945?
95
Calculate the greatest common factor of 127501 and 410509.
737
What is the greatest common divisor of 192 and 924528576?
192
Calculate the highest common factor of 6045 and 7988019.
39
What is the greatest common divisor of 4 and 361018?
2
What is the greatest common divisor of 1791905 and 42804?
41
Calculate the greatest common divisor of 15795156 and 9516.
156
What is the highest common divisor of 55 and 2200187?
11
What is the highest common factor of 9010 and 559219165?
4505
What is the greatest common divisor of 279 and 1614511?
31
Calculate the greatest common divisor of 388283 and 6881.
7
Calculate the highest common factor of 7386 and 750.
6
What is the highest common factor of 561176 and 44968?
616
Calculate the highest common divisor of 119834625 and 1115.
1115
What is the greatest common divisor of 13117129 and 23532?
1961
What is the greatest common factor of 19454 and 115162?
142
Calculate the highest common factor of 90639087 and 714.
357
Calculate the highest common factor of 113350487 and 23570.
2357
Calculate the highest common factor of 238901 and 77129.
221
Calculate the greatest common factor of 135641 and 25289.
2299
What is the highest common divisor of 10944 and 26890560?
576
What is the highest common divisor of 35411698 and 651518?
3766
What is the highest common divisor of 80 and 7696890?
10
What is the greatest common factor of 718 and 27868?
2
Calculate the highest common divisor of 569874 and 35224.
1258
Calculate the highest common divisor of 1561 and 57028236.
223
What is the greatest common divisor of 35597856 and 354?
6
Calculate the highest common divisor of 36 and 212073552.
36
What is the highest common divisor of 29797 and 19027?
359
What is the greatest common divisor of 168 and 22610392?
56
Calculate the greatest common divisor of 885780210 and 6.
6
What is the highest common divisor of 1236519 and 2501?
41
Calculate the highest common factor of 118734 and 292209.
771
Calculate the greatest common divisor of 2673 and 301100085.
2673
Calculate the highest common divisor of 220 and 6445824.
44
What is the highest common factor of 7106 and 2896018?
646
Calculate the highest common factor of 35632740 and 26.
26
What is the greatest common divisor of 1030259282 